Let p(d) = -284*d - 9651. What is p(-34)?
5
Let n(t) = -2*t**3 + 23*t**2 - 13*t + 1. Determine n(11).
-21
Let h(z) = z**3 + 2*z**2 - 18*z - 44. Calculate h(-4).
-4
Let c(h) = h**2 - 322*h + 960. Calculate c(3).
3
Let b(x) = 517*x + 17045. Determine b(-33).
-16
Let s(y) = -128*y - 8564. Calculate s(-67).
12
Let s(q) = q**3 + 14*q**2 + 32*q - 73. Determine s(-10).
7
Let v(o) = 3*o**2 + 1003*o + 8745. Determine v(-9).
-39
Let v(z) = -71*z**2 + 9*z + 29. Determine v(-2).
-273
Let b(u) = 28*u + 25. Give b(-9).
-227
Let b(m) = 5*m - 108. Determine b(16).
-28
Let t(o) = -2*o**3 - 37*o**2 + 31*o + 196. Give t(-19).
-32
Let k(f) = 18*f - 536. What is k(29)?
-14
Let c(g) = -6*g**2 - 64*g - 43. Give c(-9).
47
Let y(n) = -144*n - 7742. Determine y(-53).
-110
Let k(w) = 119*w + 1087. Give k(-9).
16
Let b(t) = -679*t + 2502. What is b(4)?
-214
Let q(o) = -2*o**3 + 16*o**2 - 14*o + 9. Calculate q(6).
69
Let m(g) = 2*g**2 + 70*g - 231. Calculate m(3).
-3
Let n(t) = t**3 + 45*t**2 - 344*t + 231. Determine n(6).
3
Let u(j) = j**2 - 423*j - 9. Determine u(0).
-9
Let p(z) = z**3 - 81*z**2 + 705*z + 346. Determine p(71).
-9
Let u(o) = o**3 + 57*o**2 - 58*o + 49. Determine u(-58).
49
Let h(s) = s**2 - 258*s + 6032. Determine h(26).
0
Let j(g) = -3*g**3 + 112*g**2 + 67*g + 304. Give j(38).
-38
Let i(n) = 19185*n + 326145. What is i(-17)?
0
Let c(s) = -85*s**3 + 11*s**2 - 20*s + 5. Give c(2).
-671
Let a(u) = -u**3 + 6*u**2 + 2*u - 26. Give a(4).
14
Let x(q) = -q**3 - 5*q**2 + 3*q - 19. Determine x(-7).
58
Let f(r) = 8879*r - 44345. What is f(5)?
50
Let q(i) = 2*i**2 - 6*i - 9. Give q(10).
131
Let y(m) = 5*m - 238. Give y(28).
-98
Let g(i) = 3*i**3 - 19*i**2 - 19*i + 9. Calculate g(7).
-26
Let r(n) = 2*n - 9. What is r(9)?
9
Let j(h) = 510*h + 1073. Give j(-4).
-967
Let u(y) = -13*y**2 + 591*y + 333. Determine u(46).
11
Let h(t) = -t**3 - 52*t**2 - 26*t + 1288. Calculate h(-51).
13
Let w(q) = 7*q**2 - 885*q - 50. Give w(126).
-428
Let x(l) = -l**3 + l**2 + 22*l - 67. Give x(3).
-19
Let l(u) = u**3 + 9*u**2 - 47*u - 92. Give l(-12).
40
Let m(x) = -71*x - 641. Calculate m(-9).
-2
Let t(v) = -3*v**3 + 65*v**2 - 23*v - 399. Calculate t(21).
0
Let g(c) = -c**3 - 7*c**2 + 237*c + 1842. Give g(-8).
10
Let f(d) = 15*d + 864. Give f(-58).
-6
Let t(r) = -134*r**3 - 2*r**2 + 3*r - 1. Give t(1).
-134
Let m(b) = -3*b**3 - 4*b**2 + 38*b - 99. What is m(3)?
-102
Let d(n) = -n**2 + 15*n + 83. Calculate d(19).
7
Let k(u) = -u**3 - 2*u**2 + 5*u. Give k(7).
-406
Let t(w) = 109*w + 6638. Calculate t(-61).
-11
Let g(o) = -2*o**2 - 12*o - 31. Calculate g(-6).
-31
Let o(g) = -2*g**3 - 3*g**2 - 35*g - 13. What is o(-5)?
337
Let l(u) = -u**2 - 16*u + 287. Determine l(-30).
-133
Let k(p) = -2*p**3 + 16*p**2 - 15*p - 9. Give k(6).
45
Let p(o) = 2063*o + 20655. Calculate p(-10).
25
Let q(f) = 2*f**3 + 14*f**2 - 25. Give q(-6).
47
Let c(n) = -32*n**2 - 18*n - 22. Calculate c(-1).
-36
Let u(z) = -z**3 + 58*z**2 + 190*z - 547. Determine u(61).
-120
Let k(g) = -9571*g + 133989. Calculate k(14).
-5
Let k(x) = x**2 - 70*x - 1612. Determine k(-18).
-28
Let d(x) = -1878*x - 1891. What is d(-1)?
-13
Let o(n) = n**2 + 60*n + 862. Determine o(-36).
-2
Let s(l) = 2*l**2 - 85*l + 62. Give s(42).
20
Let b(m) = -m**2 + 55*m - 1310. Calculate b(24).
-566
Let q(t) = 8*t**2 + 124*t + 120. What is q(-1)?
4
Let y(t) = -2*t**2 - 111*t + 230. Calculate y(-57).
59
Let s(c) = -61*c + 49. Determine s(4).
-195
Let j(i) = i**3 + 4*i**2 + 88*i + 247. Give j(-3).
-8
Let u(f) = 131*f - 3150. Determine u(24).
-6
Let w(h) = -h**3 - 60*h**2 - 7*h - 416. Give w(-60).
4
Let n(i) = -41*i - 1090. Determine n(-27).
17
Let p(i) = i**3 - i**2 + 4*i + 30. What is p(5)?
150
Let c(t) = t**2 + 72*t - 469. Determine c(6).
-1
Let s(i) = i**2 - 70*i + 1297. Give s(45).
172
Let r(q) = -2*q**3 - 35*q**2 + 11*q - 21. What is r(-18)?
105
Let m(b) = 142*b - 4619. Give m(33).
67
Let u(o) = o**2 + 66*o + 392. Give u(-6).
32
Let u(w) = -5*w**2 + 16*w - 77. Determine u(6).
-161
Let m(k) = k**3 - 6*k**2 - 29*k + 154. Calculate m(4).
6
Let v(h) = -h**3 + 2*h**2 + 35*h + 3. What is v(7)?
3
Let i(t) = 13*t + 246. Determine i(-16).
38
Let s(b) = 14*b + 56. Determine s(2).
84
Let u(k) = -k**3 + 13*k**2 - 7*k + 177. Give u(14).
-117
Let g(a) = a**2 - 51*a + 548. Determine g(36).
8
Let m(z) = -256*z + 6916. Give m(27).
4
Let l(a) = a**2 + 16697*a + 66775. Determine l(-4).
3
Let b(n) = -3*n**3 - 40*n**2 + 124*n + 1343. Calculate b(-14).
-1
Let v(o) = -2*o**2 - 63*o - 16. Give v(-29).
129
Let i(x) = 269*x - 4040. What is i(15)?
-5
Let i(b) = -2*b**3 - 15*b**2 + 13*b + 34. What is i(-8)?
-6
Let r(w) = 163*w - 16142. What is r(99)?
-5
Let z(r) = 9*r**2 + 115*r - 6. Give z(-13).
20
Let t(g) = -g**3 - 8*g**2 - 408*g - 1986. Give t(-5).
-21
Let c(r) = 201*r - 1239. Calculate c(5).
-234
Let m(w) = -11*w**2 - 364*w - 12. What is m(-33)?
21
Let t(a) = 63*a - 8546. Determine t(133).
-167
Let t(h) = 8*h**3 - 5*h**2 - 2*h + 5. Give t(2).
45
Let w(r) = 5*r**2 - r + 29. Calculate w(-8).
357
Let j(f) = 38*f - 356. Give j(9).
-14
Let j(f) = -f**3 + 17*f**2 + 4*f + 1. Give j(18).
-251
Let r(f) = 10*f + 474. Calculate r(-34).
134
Let w(z) = 45*z + 3549. Calculate w(-79).
-6
Let d(h) = -5*h - 74. Calculate d(4).
-94
Let f(c) = -6820*c + 95493. Determine f(14).
13
Let n(p) = 211*p + 5103. Calculate n(-24).
39
Let z(n) = n**3 - 35*n**2 + 143*n - 31. Determine z(7).
-402
Let n(b) = -b**3 - 29*b**2 - 42*b - 208. Determine n(-28).
184
Let h(y) = -y**2 + 7*y + 11. Calculate h(9).
-7
Let v(u) = 6*u**3 - 94*u**2 - 29*u - 11. Give v(16).
37
Let x(v) = 5*v**3 - 15*v**2 + 29*v - 6. What is x(3)?
81
Let v(q) = 8*q**2 - 69*q - 6. Determine v(9).
21
Let j(u) = 42*u + 207. Calculate j(-4).
39
Let i(z) = -30*z**2 - 45*z + 38. Determine i(-2).
8
Let y(a) = 2*a**3 - 55*a**2 - 142*a - 234. What is y(30)?
6
Let g(k) = 2*k**3 + 57*k**2 - 12*k + 501. Give g(-29).
8
Let n(o) = 4*o**2 + 442*o + 993. What is n(-108)?
-87
Let b(s) = -3*s**2 + 44*s + 113. Give b(20).
-207
Let l(s) = -69*s**2 + 78*s - 160. What is l(2)?
-280
Let j(h) = h**3 - 6*h**2 + 6*h + 8. Determine j(3).
-1
Let q(z) = -3*z**2 + 266*z - 1415. What is q(83)?
-4
Let y(v) = -13*v + 452. Calculate y(31).
49
Let p(t) = -126*t - 378. Determine p(-3).
0
Let t(a) = a**2 - 4*a - 152. Calculate t(16).
40
Let u(d) = -946*d + 26477. Calculate u(28).
-11
Let n(b) = 3*b**2 + 128*b - 73. Give n(-43).
-30
Let d(b) = 2*b**2 + 121*b - 945. Determine d(7).
0
Let w(b) = -3*b**2 - 43*b - 6. Determine w(-12).
78
Let g(c) = -5*c**2 + 67*c - 110. What is g(3)?
46
Let k(l) = -l**2 - 32*l - 258. Determine k(-19).
-11
Let n(h) = 2*h**3 + 186*h**2 + 5*h + 470. What is n(-93)?
5
Let p(q) = -9*q**3 + 64*q**2 - 4*q - 30. Determine p(7).
-9
Let w(y) = 20*y - 254. Determine w(17).
86
Let d(y) = -301*y - 6325. What is d(-21)?
-4
Let t(h) = 16*h - 134. What is t(23)?
234
Let x(b) = 2*b**2 + 5*b - 175. Determine x(8).
-7
Let g(t) = -28*t - 146. Calculate g(-8).
78
Let s(u) = -152*u + 898. Determine s(6).
-14
Let r(d) = -d**3 + 161*d**2 + 827*d + 506. Give r(166).
8
Let l(o) = o**3 + 48*o**2 - 93*o + 328. Calculate l(-50).
-22
Let i(b) = -62*b - 2052. Calculate i(-32).
-68
Let a(w) = -w**2 - 27*w + 27. Determine a(-20).
167
Let p(y) = 73*y - 1753. Determine p(24).
-1
Let q(j) = -17*j - 46. Determine q(-39).
617
Let s(p) = -p**2 - 295*p - 15106. What is s(-66)?
8
Let l(j) = -23213*j + 69653. Determine l(3).
14
Let o(c) = -7*c - 173. Give o(-23).
-12
Let d(m) = 25*m + 77. Calculate d(5).
202
Let y(x) = 1346*x - 2. Determine y(0).
-2
Let d(u) = u**2 - 15*u - 173. Calculate d(25).
77
Let c(l) = 331*l - 1650. Give c(5).
5
Let f(t) = 19*t - 276. Calculate f(-8).
-428
Let x(t) = 5883*t + 11827. Determine x(-2).
61
Let n(z) = -z**2 + 7*z + 29. What is n(11)?
-15
Let s(p) = 39*p + 3279. What is s(-80)?
159
Let a(p) = p**3 - 33*p**2 - 73*p + 89. Give a(35).
-16
Let k(f) = 3*f**3 + 23*f**2 + 20*f + 28. Give k(-7).
-14
Let z(i) = -i**3 + 35*i**2 - 125*i + 49. Calculate z(31).
18
Let c(y) = -13*y - 277. What is c(-15)?
-82
Let t(c) = -2*c**2 + 3*c + 20. Determine t(6).
-34
Let z(p) = -p**3 + 58*p**2 + 233*p + 936. What is z(62)?
6
Let t(n) = n**2 - 47*n - 409. Calculate t(54).
-31
Let x(z) = 405*z + 55489. What is x(-137)?
4
Let h(q) = -q**2 + 110*q + 1599. Give h(-13).
0
Let o(